t**2 + 11*t + 17. What is s(12)?
5
Let l(c) = c + 7. Give l(-2).
5
Let o(g) = g**2 + 3*g - 108. Calculate o(9).
0
Let g(a) = -a**3 - 18*a**2 + 38*a - 45. What is g(-20)?
-5
Let m(y) = y**2 + 59*y + 440. Determine m(-50).
-10
Let j(p) = p**3 + 7*p**2 + 5*p - 3. Determine j(-5).
22
Let a(w) = 8*w - 11. Determine a(6).
37
Let j(a) = 2*a**3 - 2*a**2 - 4*a. Give j(3).
24
Let n(y) = -y**2 + 2*y + 87. What is n(10)?
7
Let b(t) = -72*t**2 - 1. Give b(-1).
-73
Let h(y) = 26*y**2. Give h(1).
26
Let z(j) = -j**3 - 8*j**2 + 2*j - 1. Determine z(-8).
-17
Let x(o) = -o**2 - 6*o - 5. Give x(-4).
3
Let z(q) = -2*q**2 - 8*q - 5. Give z(-5).
-15
Let l(a) = 25*a - 1. What is l(-2)?
-51
Let o(v) = 6*v + 83. What is o(-14)?
-1
Let f(z) = -32*z + 3. Determine f(-3).
99
Let z(q) = -10*q - 162. What is z(-15)?
-12
Let w(h) = -19*h + 25. What is w(4)?
-51
Let j(u) = -2*u + 16. What is j(9)?
-2
Let k(f) = -f**3 + 8*f**2 - 7*f - 43. Determine k(5).
-3
Let m(l) = 14*l + 101. What is m(-7)?
3
Let z(y) = y**3 + 6*y**2 - 16*y - 5. Calculate z(-8).
-5
Let i(x) = -x**3 + x**2 + x - 11. Determine i(0).
-11
Let d(q) = q - 58. Determine d(2).
-56
Let c(h) = h**2 - 12*h + 18. Give c(8).
-14
Let a(b) = b**3 - 14*b**2 - 13*b - 32. Determine a(15).
-2
Let h(p) = -p**3 - 7*p**2 - 29*p - 88. Give h(-5).
7
Let m(p) = p**2 - 8*p + 17. Determine m(8).
17
Let l(o) = 13*o + 176. Give l(-14).
-6
Let w(r) = r**2 - 7*r + 2. Determine w(11).
46
Let t(y) = 9*y - 79. Determine t(10).
11
Let q(k) = -k**3 - 7*k**2 - 4*k + 21. Determine q(-5).
-9
Let n(d) = -d**3 - 15*d**2 + 14*d - 24. Calculate n(-16).
8
Let j(z) = z**2 + 8*z + 15. What is j(-7)?
8
Let v(a) = -10*a + 6. Calculate v(-2).
26
Let b(d) = d**3 - 6*d**2 - 17*d + 64. Calculate b(7).
-6
Let c(f) = f**2 - 4*f + 9. Calculate c(6).
21
Let y(z) = -6*z - 2. Give y(-4).
22
Let s(o) = -34*o + 63. What is s(2)?
-5
Let t(r) = -25*r + 23. Determine t(0).
23
Let f(h) = h**3 - 6*h**2 - 9*h - 7. Give f(7).
-21
Let a(z) = -96*z + 292. What is a(3)?
4
Let x(l) = -l**3 + l**2 + 25*l + 14. Determine x(6).
-16
Let h(o) = 37*o**2 + o - 1. Give h(1).
37
Let j(g) = -9*g - 62. Calculate j(-7).
1
Let i(j) = -j**2 - 16*j - 40. Give i(-13).
-1
Let b(t) = -3*t + 5. Calculate b(4).
-7
Let t(y) = -y**3 - 5*y**2 - 2*y - 32. What is t(-6)?
16
Let s(a) = a**3 - a**2 + 2*a - 10. What is s(0)?
-10
Let l(p) = p**2 + 6*p - 15. Calculate l(-8).
1
Let z(o) = -o**2 + 2*o - 17. What is z(0)?
-17
Let f(m) = m**3 + 14*m**2 - 14*m + 5. Determine f(-15).
-10
Let p(i) = -8*i + 12. Determine p(4).
-20
Let q(l) = l**2 + 8*l - 37. Calculate q(-11).
-4
Let g(p) = p**2 - 40*p - 128. What is g(43)?
1
Let t(c) = c**3 - 8*c**2 + 4*c - 16. Determine t(8).
16
Let l(o) = -o**2 + 13*o + 27. Calculate l(13).
27
Let g(x) = x**2 - 14*x - 15. What is g(6)?
-63
Let w(l) = -l**2 + 18*l - 77. Give w(15).
-32
Let q(k) = -2*k**3 - 3*k**2 - 3*k. What is q(-2)?
10
Let a(p) = -p**2 + 5*p + 11. Determine a(0).
11
Let j(g) = -g + 17. What is j(15)?
2
Let n(j) = -11*j - 8. Calculate n(4).
-52
Let v(u) = -u**3 + 16*u**2 + 3*u - 32. Determine v(16).
16
Let u(s) = s**3 - 24*s**2 - 16*s - 229. What is u(25)?
-4
Let i(u) = -3*u - 3. Calculate i(-6).
15
Let u(d) = -d**2 - 9*d + 5. What is u(-8)?
13
Let s(u) = -17*u - 90. What is s(-5)?
-5
Let s(i) = 3*i + 15. Calculate s(-12).
-21
Let a(k) = -3*k + 5. Give a(-7).
26
Let n(s) = 5*s**2 - 5*s - 3. Calculate n(-4).
97
Let j(h) = h + 30. What is j(-15)?
15
Let p(b) = 2*b**2 - 84*b - 7. Give p(42).
-7
Let w(r) = -4*r + 14. Determine w(2).
6
Let f(k) = 4*k + 100. Calculate f(-11).
56
Let v(f) = -f**3 + 5*f**2 + 5*f + 3. Determine v(6).
-3
Let i(g) = -g**2 + 7*g - 4. Determine i(9).
-22
Let g(z) = z**2 + 29*z + 173. Determine g(-9).
-7
Let b(z) = 3*z - 17. Give b(13).
22
Let r(z) = z**3 + 9*z**2 - 12*z - 19. Calculate r(-10).
1
Let l(o) = -o**3 + 29*o**2 + 27*o - 48. Calculate l(30).
-138
Let c(d) = d**2 - 10*d + 33. Calculate c(3).
12
Let p(k) = 4*k + 10. What is p(-6)?
-14
Let v(z) = 27*z**3 + z**2. Determine v(1).
28
Let s(t) = t**3 - 2*t**2 - 3*t + 10. Calculate s(5).
70
Let a(o) = -o**3 - 13*o**2 - 20*o + 32. Give a(-11).
10
Let h(n) = -7*n**3 + 4*n**2 - 2*n - 4. Determine h(-2).
72
Let l(s) = -s**3 - s**2 - 2*s + 2. What is l(0)?
2
Let g(r) = 2*r**2 - 12*r - 8. Give g(8).
24
Let j(v) = v**3 + 11*v**2 - 11*v + 11. Determine j(-12).
-1
Let b(w) = 3*w**3 + w**2 + 2*w + 1. What is b(-1)?
-3
Let v(f) = -13*f + 67. Determine v(6).
-11
Let k(x) = -x**2 + 43. Calculate k(0).
43
Let v(j) = -j. Calculate v(-7).
7
Let u(i) = -83*i**2 + 5*i + 3. Give u(-1).
-85
Let z(q) = -q**2 - 6*q + 3. What is z(-5)?
8
Let b(y) = 2*y**3 + y**2 - 4*y - 2. Determine b(-3).
-35
Let x(p) = -2*p + 19. What is x(8)?
3
Let w(t) = t**2 - 25*t - 55. What is w(27)?
-1
Let a(p) = -14*p**2 - p. Calculate a(-1).
-13
Let u(i) = -i - 15. Determine u(4).
-19
Let u(o) = 3*o**2 - 170*o + 271. Calculate u(55).
-4
Let d(x) = -x**3 - x**2 + 7*x + 7. Determine d(-3).
4
Let o(p) = 2*p**2 + 2*p + 3. Calculate o(-7).
87
Let t(z) = -2*z**2 - 53*z - 35. What is t(-26)?
-9
Let s(i) = 4*i + 18. What is s(-11)?
-26
Let u(h) = h**3 + 20*h**2 - 8*h - 148. Give u(-20).
12
Let z(o) = -2*o**2 - 12*o - 18. Give z(-8).
-50
Let z(v) = v + 1. Determine z(-13).
-12
Let b(f) = -3*f**2 - 10*f - 2. What is b(-3)?
1
Let x(l) = -l**2 + 2*l - 7. What is x(0)?
-7
Let a(y) = -y**3 - 6*y**2 - 7*y - 5. Determine a(-5).
5
Let m(f) = -f**2 + 23*f - 91. Give m(19).
-15
Let m(b) = -b**2 + 20*b - 22. Calculate m(9).
77
Let o(u) = -u**3 - 27*u**2 - 26*u - 6. Calculate o(-26).
-6
Let d(k) = 13*k - 77. What is d(6)?
1
Let l(j) = -64*j**2 + 2*j - 1. Determine l(1).
-63
Let w(m) = 4*m - 17. What is w(4)?
-1
Let n(a) = a**3 + 31*a**2 + 81*a - 83. Give n(-28).
1
Let l(w) = w**2 - 6*w - 2. Calculate l(6).
-2
Let v(f) = -3*f + 19. What is v(9)?
-8
Let o(p) = p**3 + 9*p**2 + 13*p - 10. What is o(-7)?
-3
Let w(c) = 6*c + 4. Give w(4).
28
Let g(l) = 5*l - 46. Determine g(10).
4
Let d(m) = 5*m**2 + 4*m - 2. What is d(4)?
94
Let i(w) = -2*w**2 - 79*w + 302. What is i(-43)?
1
Let h(g) = g**2 + 2*g - 47. Calculate h(-9).
16
Let k(q) = 5*q + 38. Calculate k(-8).
-2
Let q(i) = i**3 + 10*i**2 + 2*i + 23. Give q(-10).
3
Let q(h) = -20*h + 334. Give q(17).
-6
Let q(s) = s**3 - 27*s**2 - 29*s + 29. Give q(28).
1
Let l(o) = -o**3 + 2*o**2 + 5*o + 2. Calculate l(4).
-10
Let i(d) = -14*d - 4. Determine i(1).
-18
Let x(o) = -3*o - 74. Determine x(28).
-158
Let z(o) = -o**2 - 2*o + 66. Give z(8).
-14
Let a(j) = -j**2 - 2*j + 1. Calculate a(-3).
-2
Let c(q) = 22*q + 6. Calculate c(-1).
-16
Let l(m) = -m**2 + 8*m - 9. Determine l(6).
3
Let o(n) = n**3 - 8*n**2 - 8*n + 3. Give o(7).
-102
Let c(w) = -w**2 - 9*w + 9. What is c(-11)?
-13
Let h(p) = p**3 + 61*p**2 - 64*p - 117. Calculate h(-62).
7
Let i(h) = 2*h + 10. Calculate i(-7).
-4
Let v(k) = k**3 - 3*k**2 - 20*k + 28. What is v(6)?
16
Let d(b) = -3*b**2 - 5*b + 10. Determine d(-5).
-40
Let l(u) = u**3 + 6*u**2 + 10*u + 4. Determine l(-4).
-4
Let s(x) = 2*x**3 - 71*x**2 + 37*x - 69. Calculate s(35).
1
Let w(x) = 41*x**3 + 2*x**2 + 2*x + 1. Calculate w(-1).
-40
Let q(z) = -z**3 - 38*z**2 + 9. Give q(-38).
9
Let u(y) = -y**3 + 7*y**2 + 10*y + 1. Calculate u(8).
17
Let n(y) = -y**2 + 4*y. Determine n(3).
3
Let j(n) = n + 8. What is j(0)?
8
Let f(z) = z**3 + 4*z**2 - 10*z + 10. Determine f(-6).
-2
Let h(p) = p**3 + 4*p**2 + 7. Determine h(-4).
7
Let g(a) = -2*a**3 - 13*a**2 - 8*a - 8. Give g(-6).
4
Let b(l) = l**3 + 18*l**2 - 40*l + 9. Determine b(-20).
9
Let x(g) = 3*g**2 - 17*g + 6. What is x(5)?
-4
Let v(j) = j**2 - 12*j + 23. What is v(6)?
-13
Let k(i) = i**2 + 18*i + 70. What is k(-13)?
5
Let b(a) = -2*a + 9. Calculate b(0).
9
Let a(i) = 6*i - 9. What is a(7)?
33
Let m(l) = 5*l**2 - 100*l - 1. What is m(20)?
-1
Let l(j) = -j**2 - 17*j - 18. What is l(-16)?
-2
Let v(a) = -2*a - 49. Determine v(-27).
5
Let p(g) = -g**2 + 3*g + 49. Give p(-13).
-159
Let i(m) = m**3 + 9*m**2 - 3*m - 12. What is i(-8)?
76
Let w(u) = u**3 - 9*u**2 - 10*u + 8. What is w(10)?
8
Let b(n) = 3*n**2 + n - 2. What is b(-3)?
22
Let u(x) = x**2 + 18*x + 24. Determine u(-13).
-41
Let z(t) = -t**3 + 6*t**2 - 3*t - 12. Calculate z(3).
6
Let c(b) = 14*b + 12. Give c(0).
12
Let t(h) = -4*h**2 + 2*h. What is t(-1)?
-6
Let g(f) = -f**3 + 18*f**2 - 29*f - 